Let v be (-438)/(-8) + 2/d. Suppose q + 5 = 2*w - 5*w, 5*q - 5*w - v = 0. What is the units digit of q?
7
Let y(z) = 2*z**2 + z + 107. What is the units digit of y(0)?
7
Let v be (20/3)/(7/21). Let h(k) = 2*k**2 + k + 2. Let z be h(-2). Suppose v - z = 2*m. What is the units digit of m?
6
What is the units digit of -5 + 9 - (-1 - 13)?
8
Let o(k) = k**2 - 2*k - 1. What is the tens digit of o(8)?
4
Suppose -2*g = 1 + 1. Suppose 3 = -5*u + 8. What is the units digit of u - (-2 - (g - -6))?
8
Let k(p) = p**2 + 9*p - 4. What is the hundreds digit of k(-20)?
2
Let d(j) = j**2 + j. Let t be (8 + -10)/(0 - -1). What is the units digit of d(t)?
2
Let c = 41 + -14. What is the units digit of c?
7
Let i be (2/(-5))/(8/(-40)). Suppose 0 = -i*b + 3*u + 61, -b + 6*b - 195 = -u. Suppose -b = -2*q - 0*q. What is the units digit of q?
9
What is the units digit of -3*4/12 - -93?
2
Let n(z) = -32*z + 2. What is the units digit of n(-1)?
4
Let g(c) = -10*c - 1. Let t be g(1). Let d be 1/((-7)/(-3) + -2). What is the tens digit of d + (1 - 2) - t?
1
Let v = 12 - -6. Let g = -10 + v. Let h(x) = x**3 - 7*x**2 - 8*x + 8. What is the units digit of h(g)?
8
Suppose 3*w - 8 = -w. Suppose -w*h = 2*h + 4. Let s(m) = -3*m + 1. What is the units digit of s(h)?
4
Let v = -6 + 4. Let x = 9 + v. What is the units digit of x?
7
Suppose -2*j - 5*b + 363 = 0, 2*j - b - 313 = 4*b. What is the units digit of j?
9
Let q(y) = y**2 + 8*y + 10. Suppose g + b - 6*b = -4, 0 = b. Let o = -3 + g. What is the units digit of q(o)?
3
Suppose -42 = z - 4*z. Suppose m = 2*m - z. What is the tens digit of m?
1
Suppose 5*u - 5 = 0, 3*y + 5*u - 65 = 8*y. Let c be 8/y + 1/(-3). What is the units digit of c + 2 + 0/(-1)?
1
Suppose n + 8 = 4*z, -4*n - z = -6*z - 1. Suppose c = -n*c + 10. What is the tens digit of 13 + (1/1 - c)?
1
What is the units digit of (8/5)/((-6)/(-1125))?
0
Let l(b) = b**2 + 10*b - 10. What is the units digit of l(-12)?
4
Let a = 81 + -135. What is the units digit of 5/5*(-1 - a)?
3
Suppose -5*p + 161 = 4*r, 96 = 4*p - 0*r - 5*r. What is the units digit of p?
9
Let p = -174 - -264. What is the units digit of p?
0
Let g = 29 - 11. Let y be (g/(-12))/((-6)/(-8)). What is the units digit of 2*3/(-12)*y?
1
Let w = 0 - -3. Let z be 3*(1 - 2/6). Let f = w + z. What is the units digit of f?
5
Let p(n) = 192*n**2 + n - 2. What is the tens digit of p(1)?
9
Let b be (-2)/((-4)/66)*1. Suppose 0*o + b = 3*o. What is the units digit of o?
1
Suppose -5*a - 49 - 16 = 0. Let s(u) = -u + 1. What is the tens digit of s(a)?
1
Let m = -329 + 566. What is the tens digit of m?
3
Suppose -3*u + 0*u - 6 = 0. What is the units digit of ((-91)/(-14))/((-1)/u)?
3
Suppose 0 = 3*q - 2*l - 16, 5*q - 2*l = 2*l + 26. Let w(t) = 3*t. What is the tens digit of w(q)?
1
Suppose 0 = -2*m - g + 179, 4*m - g = -4*g + 359. What is the units digit of m?
9
Let b be (14/(-8) - -3)*4. Suppose -k + 4*y = 4*k - 13, b*k - 5*y - 15 = 0. What is the units digit of -5 - -9 - 2/k?
2
Let z = 331 - 997. What is the units digit of (-12)/21 + z/(-14)?
7
What is the units digit of 1 - (0 + (-19 - 2/(-1)))?
8
Let j(h) = -h + 5. Suppose 2*g - 29 = 5*c, g + 5*c + 27 = 2*g. Suppose -4*s = g*y - 7*y + 12, s = -3*y - 20. What is the tens digit of j(s)?
1
Let b(f) = -f + 5. Let o be b(8). Let t = 3 + o. Suppose -4*p + 72 = -t*p. What is the units digit of p?
8
Let w(n) = -n - 1. Let y = 21 - 29. What is the units digit of w(y)?
7
Let m(n) = 4*n - 1. Let y be m(6). Let z = -12 + y. What is the tens digit of z?
1
Let f be ((-8)/(-6))/(2/(-18)). Suppose -h = -0*h + 6. Let r = h - f. What is the units digit of r?
6
Let a = 2 - -3. Suppose 0*d + 10 = a*d. Suppose 4*w - 51 = -5*t, 25 = 2*t + d*w + 5. What is the units digit of t?
1
Suppose 6*u = 334 + 182. What is the units digit of u?
6
Let j(x) = -2*x + 13. What is the units digit of j(-15)?
3
Suppose -9 = -2*k - k. Suppose 7*t = k*t + 24. What is the units digit of t?
6
Suppose 0 = 5*r - 116 - 199. What is the tens digit of r?
6
Let d(w) = 0*w**2 + w**2 + 2 + 8*w**2 + 3*w - 14 - w**3. Let g be d(9). Suppose -o - 4*o + 45 = -4*k, -5*o - 2*k = -g. What is the units digit of o?
5
Let g = -15 + 23. What is the units digit of 5 + 3/6*g?
9
Let g be 3/9 + 16/6. Let d = g - 4. Let v = 10 + d. What is the units digit of v?
9
What is the tens digit of 8/20 + 68/5?
1
Suppose -4*d + 17 = 3*l, -2*d + 8 = 5*l + 3. Suppose 3*f - 4*f = -3. Suppose d - f = x. What is the units digit of x?
2
Let h(i) = 5*i - 5. Let p = 14 - 9. Let q be h(p). What is the tens digit of (q/7)/((-6)/(-21))?
1
Let p(l) be the third derivative of -l**4/8 - 7*l**3/6 - l**2. What is the units digit of p(-8)?
7
Let l(g) = 8*g. What is the units digit of l(1)?
8
Let k(p) = 4*p**3 - p + 1. Let j be k(1). What is the tens digit of 45/j - (-1)/(-4)?
1
Suppose -2*s = 3*s - 25. Suppose 5*w - 3*x = 35, 5*w + 5*x + s + 0 = 0. What is the units digit of (w/12)/(1/3)?
1
Suppose 2*p = 3*p. Suppose 3*y - 2*k + 9 = 51, 5*k = p. Suppose 3*s - 5*s = -y. What is the units digit of s?
7
Suppose 4 = 2*s - 4*s, 5*z + 4*s - 687 = 0. Suppose -2*d = 3*r - z + 35, 0 = 3*r - 5*d - 118. What is the tens digit of r?
3
Suppose -4*a + 11 + 13 = 0. Let k(q) = -q**3 + 5*q**2 + 7*q + 2. What is the units digit of k(a)?
8
Let s(g) = 0 - 3*g**2 + 1 + g - 1. Let p be s(2). What is the tens digit of -35*1/p*4?
1
Let m(v) = -2*v + 6. Let k be m(-11). Suppose -b - 2*f - 1 = -5, 4*b - 4*f - k = 0. What is the units digit of b?
6
Suppose 4*d - 38 + 14 = 0. Let o = -9 + d. Let n = 15 + o. What is the tens digit of n?
1
Suppose 2*f = f. Suppose f = -3*v + 5*v - 46. Suppose 17 = 5*t - v. What is the units digit of t?
8
Suppose 1 = 3*h + 10. Let j be h/(-3) + 4 - 2. Suppose g = -j*g + 20. What is the units digit of g?
5
What is the tens digit of (2 - 5) + (-45)/(-1)?
4
Let z = 7 + -4. Suppose 17 = z*i - 37. What is the units digit of i?
8
Suppose -7*o - 279 + 1203 = 0. What is the tens digit of o?
3
Let d(g) = 85*g**3 + g. What is the tens digit of d(1)?
8
Let l = -3 - -9. Let j = 2 + l. Suppose -4*h + t - j = -54, -4 = 2*t. What is the units digit of h?
1
Let r(v) = 9*v + 55. What is the units digit of r(-6)?
1
Suppose 105 = 6*c - c. Suppose 5*d - 19 = -0*n - n, -3*n - 3*d = -c. What is the units digit of n?
4
Suppose 4*w + 5*f + 4 = 0, 5*f - 1 = -2*w - 13. Let h = -1 + w. What is the units digit of h?
3
Let b(g) = g**3 + g**2 - 3*g + 3. Let m be b(2). Suppose 0 = 8*l - m*l + 47. What is the units digit of l?
7
Let j = -31 + 66. What is the units digit of (j/21)/((-1)/(-15))?
5
Let c = -4 + 4. Let p(q) = -q**3 - q**2. Let f(x) = -3*x**3 - 3*x**2 - x + 12. Let m(r) = f(r) - 4*p(r). What is the tens digit of m(c)?
1
Suppose -5*u = -5 - 5. Let p(w) = -3 + w**3 - 2*w - w + w**u - 4*w**2. What is the units digit of p(4)?
1
Suppose 2*m + 348 = -p + 3*p, 3*p + 3*m = 546. What is the units digit of p?
8
Let w be -8*4/((-8)/(-11)). What is the units digit of (-3)/4 + w/(-16)?
2
Suppose z = -0 + 2. Suppose -5*f = -6*f + z. What is the units digit of f?
2
Suppose -3*r + 0*r = -6. Suppose r*a - 6*a = -68. What is the tens digit of a?
1
Suppose 4*r - 28 = 8*r. Let c = 1 - r. What is the units digit of c?
8
Suppose 2*a + 25 = -3*a. Let y(w) be the first derivative of w**4/4 + 2*w**3 + 3*w**2/2 - 2*w - 30. What is the units digit of y(a)?
8
Let z be -1*4*1/(-2). Let d = -5 + 7. Suppose -k + z + d = 0. What is the units digit of k?
4
Suppose 71 + 17 = 4*s. What is the tens digit of s?
2
Suppose -3*a = 2*a. Let b be a/(3/6*-2). Suppose -2*y - 2*g + 8 = b, -g = y - 6*g - 16. What is the units digit of y?
6
Suppose 4*s = o + 9, 0 = -5*s + 2*s - 3*o + 3. Let k be 1/(s/(-6)*1). Let a = k - -13. What is the tens digit of a?
1
Suppose a - 4*a = -144. What is the tens digit of a?
4
Suppose -t + 3*s = 3*t - 45, 4*s = -4*t + 80. Suppose 5*d + 2 = b, -3*d - 6*b - 18 = -b. What is the tens digit of t - (-3 - 4*d)?
1
Suppose -2*q = 2*q - 80. Suppose -4*w + 112 = -0*w. Suppose 2*h - 5*h + 4*d + q = 0, -w = -3*h - 4*d. What is the units digit of h?
8
Let l = 1 + -8. Let c = l - -45. What is the units digit of c?
8
Let r(l) be the third derivative of l**5/60 + l**4/24 - 2*l**3/3 + l**2. Let y be r(4). Suppose x + y = 3*d, 9*x = d + 4*x + 18. What is the units digit of d?
7
Let d be 3/3 - (-1 + -1). Sup